et o = 49 - -16. List the prime factors of o.
5, 13
Suppose -q - 5*f - 13 = 0, -2*f = q - 2*q - 34. Let s = 40 + q. What are the prime factors of s?
2, 3
Suppose -3*o + 10 = 2*p, -4*p = -3*o + 23 - 7. Suppose -o*g + 45 = g. List the prime factors of g.
3
Let d = 3 - 4. Let p = 3 - d. Suppose -p*m + 24 = -0*m. What are the prime factors of m?
2, 3
Let f be (-3)/2*4/(-3). Suppose f*q + 24 = 2*j - j, 0 = j - 5*q - 12. Suppose -4*r + 0*r = b - 32, -4*r + b = -j. What are the prime factors of r?
2
List the prime factors of 143/3 + (-1)/(-3).
2, 3
List the prime factors of 13*(-4 + 1 + 15/3).
2, 13
Suppose 5*k + 5*a - 36 - 184 = 0, k - 2*a = 53. What are the prime factors of k?
47
Suppose 5*n + 4*l = -l + 35, 3*n = -l + 23. Let a = n - -15. What are the prime factors of a?
23
Suppose 2*a + 2 = -3*b, a = -4*b - 4 - 2. Suppose 4*p - a*p = 8. Suppose j = -q + 4*j - 4, p*q - 20 = 3*j. List the prime factors of q.
2
Let f = 11 + -12. Let x = 4 - f. What are the prime factors of x?
5
Let w(y) = 2*y**2 + 0*y**2 + 2*y - 3 + 0*y**2. Let i be (5 + -1)*3/(-4). What are the prime factors of w(i)?
3
Suppose -4*o - 2*c - 60 = 38, 0 = 3*o + 3*c + 78. Let q = 21 + 19. Let z = q + o. What are the prime factors of z?
17
Suppose 0 = -3*h - 0*h + 96. List the prime factors of h.
2
Suppose -2*g = 3*g - 3*y - 21, 11 = 3*g - y. Suppose g*c + 2 = 47. Let t = c - 9. What are the prime factors of t?
2, 3
Let m(c) = c**3 + 9*c**2 + 11*c + 4. List the prime factors of m(-7).
5
List the prime factors of (3 + 223 + 3)*1.
229
Let q = 36 - 40. Let h(p) be the third derivative of p**4/24 + 4*p**3/3 + p**2. List the prime factors of h(q).
2
Let u(g) = 5*g**2 - g. Let s be (-1)/(-4) + 33/12. Let p be u(s). Let j = 59 - p. List the prime factors of j.
17
Suppose 60 = -2*y + 18. Let s(l) = l**3 - 10*l**2 + 7*l + 17. Let w be s(9). List the prime factors of 4 + w + -6 - y.
2, 3
Let h(r) = -r**2 - 8*r + 4. Suppose 4*j + 9 = p, -p + 20 = -5*p + 2*j. What are the prime factors of h(p)?
11
Let y = -15 + 4. Let k = 23 + y. List the prime factors of k*(4/2 + -1).
2, 3
What are the prime factors of 26/39 - (-20)/6?
2
Let k(c) = 4*c - 1. Suppose -2*p + 5*d + 18 = 0, 3*p = p - d + 6. Suppose -4*r = -8*r + p. List the prime factors of k(r).
3
Let z = -7 - -10. Let v be (-87)/(-6) - (3 + (-14)/4). Suppose r = 3*c + v, z*r + 25 = -3*c + 70. List the prime factors of r.
3, 5
Suppose -7*h = -8*h + 7. Let x = h - 2. What are the prime factors of x?
5
Let q = 2 - 4. Let y = 8 - q. What are the prime factors of y?
2, 5
Suppose -4*q + 105 = 3*l - q, -5*q = 2*l - 79. What are the prime factors of l?
2
Let p(h) = h + 9. Let x be p(-9). Suppose x = -0*a + 2*a - 26. What are the prime factors of a?
13
Let q = -18 - -75. Suppose 4*h + 2*d - q = 97, -4*h + 5*d + 119 = 0. What are the prime factors of h?
2, 3
Suppose -3*n = -2*c - 26, -5*n + 5*c + 50 = -0*n. Suppose l - n = -l. Suppose -22 = z - l*z. List the prime factors of z.
11
Let q(t) = -3 - 9 - 2*t + 0*t. Let y be q(-8). Let g = y + 4. What are the prime factors of g?
2
Let v = -276 + 406. Suppose v = 6*a - a. List the prime factors of a.
2, 13
Suppose -6*o - 186 = -9*o. What are the prime factors of o?
2, 31
Let s(l) be the first derivative of 3*l**2/2 + 16*l - 2. Let n(f) = -f - 5. Let t(g) = -7*n(g) - 2*s(g). List the prime factors of t(4).
7
Let f(h) = -h**3 - h**2 + h - 1. List the prime factors of f(-3).
2, 7
Suppose 4*t - 157 = 151. What are the prime factors of t?
7, 11
Let p(d) = 5*d**2 + 10*d - 9. Let v(m) = -11*m**2 - 20*m + 19. Let y(r) = 9*p(r) + 4*v(r). What are the prime factors of y(-14)?
3, 17
Suppose 5*u - 2*w = 27, -4*u + 4*w + 35 = 11. Suppose -4*p + 50 = -u*i, -p - i = -4*i - 9. List the prime factors of p.
3, 5
Let i(r) = 2*r**2 + 5*r - 4. Let p be i(-4). Let o be ((-88)/(-10))/(p/60). List the prime factors of ((-4)/6)/((-4)/o).
11
Let c = 673 - 349. What are the prime factors of c?
2, 3
Suppose -78 = -0*t - 2*t. Suppose 5*g - 2*d - 65 = 0, -g - 3*d = 2*g - t. List the prime factors of g.
13
Let a be 150/12 - (-2)/(-4). Let v be 1/(-2)*(a - 0). List the prime factors of 13 - 2*(-3)/v.
2, 3
Suppose -3*u - u = -16. Suppose p - 49 = 4*o, 2*p + o - 73 = u*o. What are the prime factors of p?
29
Let x(n) = -n**2 - 6*n - 5. Let i be x(-4). Suppose -i*z + 35 = 2*z. What are the prime factors of z?
7
Suppose -454 = -5*n - 2*t, 4*n + 4*t - 548 + 180 = 0. List the prime factors of n.
2, 3, 5
Suppose -3*w = 3*b + 2*b + 1557, w + 4*b = -512. What are the prime factors of (-2)/(w/172 - -3)?
43
Suppose -g = -3*m - 17, 0*g = g + 5*m - 9. List the prime factors of (-408)/(-14) - 2/g.
29
Let h(o) = o**2 + 8*o + 3. Let q be h(-8). Suppose 0*p = q*p - 9. Suppose -2 + 20 = 3*r + 3*z, -4*z = -p*r + 11. What are the prime factors of r?
5
Let h = 214 - 145. What are the prime factors of h?
3, 23
Let p = 57 + -31. List the prime factors of p.
2, 13
Let l(x) = -x + 64. Let b be l(0). Let q = b - 40. Suppose -t = 2*t - q. List the prime factors of t.
2
Suppose 4*s + 5*b - 207 = 2*b, -4*b = 5*s - 260. Let i = s - -7. Suppose -4*x + 21 = -i. What are the prime factors of x?
19
Suppose 5*x = -5*f - 0*f + 295, -f + 2*x + 44 = 0. What are the prime factors of f?
2, 3
Let r(j) = j**2 - 6*j + 10. Let c(g) = 2*g**2 - 4*g + 1. Let x be c(3). What are the prime factors of r(x)?
17
Let s be 9/(6 - (2 - -1)). Let n(l) = -4*l + 1. Let r be n(-1). Suppose -r - 16 = -s*f. List the prime factors of f.
7
Suppose -5*t - 4*i + 393 = 0, 0 = 3*t + t + 2*i - 312. List the prime factors of t.
7, 11
Let p be 26/6 + (-2)/(-3). Suppose 0 = -4*g - 4*k + 100, -p*g + 132 = -0*g - 2*k. List the prime factors of g.
2, 13
Let i be -76*(12/(-16))/3. Suppose -t - 14 = -5*j + t, 5*t - i = -j. What are the prime factors of j?
2
Let f(o) = 18*o + 1. Let y be f(4). Suppose y + 11 = 3*v. What are the prime factors of v?
2, 7
Let p(r) be the second derivative of r**4 - r**3/6 + r**2/2 + 2*r. What are the prime factors of p(1)?
2, 3
What are the prime factors of 1222/(-65)*(1 - 6)?
2, 47
Let d = -6 - -3. Let q(w) = -w**3 - 3*w**2 - w + 4. List the prime factors of q(d).
7
Suppose i - 43 = 2*s - s, 0 = -3*s - 9. Let l = 74 - i. What are the prime factors of l?
2, 17
Let b = 15 - 12. Suppose -3*j = 5*o - 2*j - 56, 0 = -b*o + 4*j + 52. List the prime factors of o.
2, 3
List the prime factors of (32/(-12) - -4)*81.
2, 3
Let m(a) be the third derivative of 5*a**4/12 - a**3/3 + 6*a**2. List the prime factors of m(4).
2, 19
Suppose -36 + 142 = 2*r. Let f = r - 38. What are the prime factors of f?
3, 5
Let j(d) be the second derivative of 1/3*d**3 + 0 - 9/2*d**2 - d. List the prime factors of j(7).
5
Let j(o) = -o**3 + 3*o**2 + 6*o - 3. Let q be j(4). Suppose -2*v + 3*x + 8 = 0, -5*x = q*v - 8*x - 2. Let a = 8 + v. What are the prime factors of a?
2, 3
List the prime factors of 170 + -2 + (0/4 - 1).
167
Let v = -40 + 28. Let k be 3/(-2)*232/v. Let a = -19 + k. What are the prime factors of a?
2, 5
Let f be (-4)/(-22) + (-920)/(-22). List the prime factors of (1/(-3))/((-7)/f).
2
Suppose 4*h = 140 - 4. Let o = h + -4. What are the prime factors of o?
2, 3, 5
Let x(p) = p**3 - 11*p**2 + 12*p - 10. Suppose c = -c + 20. List the prime factors of x(c).
2, 5
Suppose 0 = -3*j - 4*j + 700. What are the prime factors of j?
2, 5
What are the prime factors of (-1)/(-3) - (-1)/(3/263)?
2, 11
Suppose -g = -4*g - 30. Let b = g + 17. List the prime factors of b.
7
Let i be (0 - -1)/1 + 2. Suppose 5*x + i*r = -r + 62, -x + r + 16 = 0. What are the prime factors of x + -3*4/(-6)?
2
Let b = 24 + -9. What are the prime factors of b?
3, 5
Let i(v) = v**3 - 7*v**2 + 7*v - 3. Let p be i(6). Suppose p*f = -f + 48. Let j = 32 - f. List the prime factors of j.
2, 5
Let l(i) = -51*i - 19. What are the prime factors of l(-4)?
5, 37
Let i = 57 - 38. List the prime factors of i.
19
Let v(s) = -s**3 + 4*s**2 - 2. Let a be v(3). Let x = a + -5. Let w = x - 0. List the prime factors of w.
2
Let l = 5 + 2. What are the prime factors of l?
7
Let k(r) = -r**3 + 9*r**2 - 3*r + 5. Suppose -3*g + 16 = -0*g + 2*n, 5*n - 20 = -5*g. List the prime factors of k(g).
3, 5
Suppose -5*c + 198 = 5*l - 47, 0 = -4*l - 4. List the prime factors of c.
2, 5
List the prime factors of (488/20)/((-6)/(-15)).
61
Suppose 18*y - 7*y = 2706. List the prime fa